valuate (3 - (12 - 6)) + 6.
3
What is (-1 - -2) + -10 + 7?
-2
Evaluate 16 + -27 + (-3 - -11).
-3
Calculate 1 + 15 + -14 + (-3 - 1).
-2
Evaluate -4 - (1 - 7 - -7).
-5
Evaluate 3 - ((-2 - 0) + 6).
-1
Evaluate -4 + (2 + 2 - 7) + 1.
-6
Evaluate 1 + (1 - 3) - (36 - 43).
6
-7 - ((-6 - 0) + 3)
-4
(-4 - -1) + 1 + 1 + 2
1
Calculate (-10 - -4 - -3) + -5 + 5.
-3
Calculate (0 - 1) + 10 + -17 + 14.
6
Calculate 11 + -7 + 3 + -4 + 0.
3
What is -3 + 8 - ((-5 - -16) + -5)?
-1
Evaluate -4 - (2 - 8) - -2.
4
-3 + 2 + -5 - (-1 - 6)
1
What is the value of -6 + 3 - (2 - (8 + -4))?
-1
What is the value of (4 + 0 - 0) + -3 - -3?
4
Evaluate 3 + (0 - -13) + -25.
-9
Calculate (3 - 0) + -4 + 2.
1
11 + (4 - (15 - -2 - 5))
3
Evaluate 9 - (-5 - -13) - 5.
-4
What is the value of 0 - 2 - (-12 - -14)?
-4
Evaluate -5 + (-1 - 1 - (16 + -26)).
3
Evaluate -4 - (-4 - -2) - -1 - 1.
-2
(10 - 16) + -8 + 12
-2
What is the value of 11 - (3 - (-1 - (3 + -2)))?
6
What is the value of 0 + (7 - 1) + 65 + -78?
-7
What is the value of 35 + -26 + -3 + -1?
5
Calculate -179 + 182 + (-1 - -1) + -12.
-9
What is 6 + -2 + -2 + 2?
4
Evaluate (2 - 4) + 1 + 7 + -5.
1
Calculate 0 - (-3 + 11) - -3.
-5
(1 - (2 - 1)) + (-2 - 1)
-3
What is 17 + -10 - (4 + (-2 - -3))?
2
What is the value of -1 - -2 - (8 + -23 + 10)?
6
Calculate (8 + (2 - 6) - 1) + -8.
-5
(3 + 3 - 3) + -13 + 5
-5
What is the value of -16 + 11 + 10 + -12?
-7
What is the value of -4 - -1 - (-2 + 2)?
-3
What is -7 + 6 + -3 + -1?
-5
-33 + 39 - (-1 - -12)
-5
Evaluate 8 - (5 + 0 + -1).
4
Evaluate 8 + (3 - 0) + -12.
-1
Evaluate 0 - (3 + (0 - -2)).
-5
What is -2 - 3 - (-34 - -30)?
-1
What is 3 + -3 - (7 + -3)?
-4
Evaluate -7 + -8 + (3 - -6).
-6
What is -2 - (0 + 1 + -11 + 3)?
5
What is the value of 5 - 8 - (-3 - -3)?
-3
What is the value of 1 - 15 - ((-1 - 8) + 3)?
-8
Calculate (3 + -3 - 3) + -3 + 2.
-4
Evaluate (463 - 468) + -3 + (1 - 1).
-8
-14 + 3 + 4 - (0 + -1)
-6
8 - 5 - 3 - 3
-3
-3 + 6 + -6 + 6
3
What is the value of (-5 - 0) + -4 + (-17 - -21)?
-5
-11 - (0 + (-4 - 4))
-3
What is -7 - (4 + -4 + -1)?
-6
What is 4 + -6 - 1 - (-6 - -5)?
-2
What is the value of 4 + -1 + (2 - 1 - 0)?
4
What is the value of (4 - 3) + (21 - 30)?
-8
Calculate (-10 - (-24 - -8)) + 2 + -6.
2
Calculate -1 - (-3 - -2) - 1.
-1
What is 0 + 0 + 4 - 3 - 3?
-2
Calculate 4 - (5 - -1) - -3.
1
What is -17 - -18 - (0 + -3)?
4
Calculate 10 - 3 - 2 - (1 - 3).
7
What is the value of -3 - -3 - 2 - 0?
-2
Calculate (1 - (-1 + -1)) + -39 + 35.
-1
Calculate -7 + (-5 - ((4 - 22) + 1)).
5
Calculate -6 - 2 - (9 + -12).
-5
What is the value of (8 - 7) + (-3 - 7)?
-9
(-13 - -14) + 1 - (5 + 2)
-5
-2 + -6 + (-2 - -5 - -15)
10
What is -4 - (6 - (-7 - -21))?
4
What is the value of -2 - (3 + (1 - -2) - 3)?
-5
What is the value of (12 + -11 - (-4 - 2)) + -9?
-2
What is 0 + (5 - 6) + 7 + -1?
5
Calculate -7 - (5 - (13 - 7)).
-6
Calculate 4 - 6 - -6 - (-1 - -6).
-1
What is -7 + 2 + 0 + 2 - -8?
5
Calculate -2 + (1 - -7) + 0.
6
What is the value of 2 + (1 - (1 + 0 - -3))?
-1
What is -2 - ((-3 - 3) + 4) - -5?
5
Evaluate (5 - (8 + -1)) + -8 + 3.
-7
(-12 + 1 - -5) + 8
2
0 + 0 + (-1 - -1 - 3)
-3
Calculate (4 - 1) + -6 + 2 - -7.
6
-2 + (-5 - -7 - 3)
-3
What is (-11 - -9) + (4 - (2 + -1))?
1
What is the value of -4 - ((-1 - -2) + -4)?
-1
What is the value of (8 - 2) + -13 + 2?
-5
-2 + (4 - (-4 - (6 - 9)))
3
What is (-3 + 6 - 4) + 11?
10
Evaluate -13 - -6 - (0 + -10).
3
-3 + (3 - (1 - 2))
1
What is (-2 - (-23 - -7)) + 0 + -5?
9
-9 + (17 - (-5 - -15))
-2
Calculate -5 - ((10 - 13) + (2 - 2)).
-2
What is 0 - 3 - -3 - (3 + -1)?
-2
Calculate (2 - 5 - -4) + 0.
1
What is the value of -11 + 8 + 4 + -2?
-1
What is -1 + (-3 - 6) + (3 - 1)?
-8
Calculate 5 - (-3 + 22 + 5 + -11).
-8
(-3 - -5) + 3 - -6 - 5
6
Evaluate 2 + 1 - (6 - (-7 - -13)).
3
Calculate (-11 - (-20 - 0)) + -13.
-4
Calculate 2 + (-8 + 3 - -4).
1
Evaluate -5 + 3 + 0 + 0.
-2
What is the value of (-58 - -69) + (-1 - 7)?
3
Calculate 38 - 44 - (-2 - 1).
-3
Evaluate -2 + 4 + -8 - (-5 + 5).
-6
3 + (0 - (4 - -2)) - -4
1
What is the value of -2 + -5 - (1 - (-5 + 15))?
2
Calculate (-8 + 1 - -8) + 7.
8
Calculate 3 - (2 + 0 + 0).
1
What is the value of -3 + (-3 - 0) - (-13 - -2)?
5
Calculate (-6 - -1) + -6 + 16.
5
What is the value of (2 - (2 - 0)) + 4 + -1?
3
Calculate -36 - -37 - (1 - 4).
4
Calculate (4 - 1) + 9 + (-5 - 1).
6
What is the value of 5 - (-3 + 9 - 0)?
-1
-2 - (-4 + 4 + 1)
-3
What is the value of (-5 - -1) + -1 + 1 + -3?
-7
What is the value of 4 + (0 - (15 - 9))?
-2
15 + 0 + (-28 - (5 - 28))
10
What is (-1 - -3) + (-2 - -5) + -2?
3
Calculate (-8 - 1) + -20 + 25.
-4
Calculate 2 + (-6 - (-11 + 6)) - -1.
2
2 + (0 - -2) + -1 + -3
0
Calculate -6 + 0 + -4 - -3.
-7
What is the value of 4 - (2 - (0 + 1)) - 12?
-9
What is the value of (-3 - -2) + -3 + 4 + 5?
5
What is the value of -4 + (0 - (0 + -5 + 4))?
-3
Evaluate 7 + (10 - 25) + 3.
-5
Calculate 0 + 0 + -5 - -13.
8
Calculate -2 + -2 + 2 + 1.
-1
What is 1 - (-2 - (-1 - (2 + 5)))?
-5
1 + -10 - (7 + -19 - -7)
-4
What is the value of (-6 + -1 - (13 + -6)) + 5?
-9
Evaluate -8 - (8 + (12 - 33)).
5
2 + -3 + 0 + 3
2
Evaluate (2 - 2) + -8 - (2 + -3).
-7
What is -8 - -2 - 0 - -2?
-4
What is 2 - 18 - (-36 - -23)?
-3
Calculate (1 - (-1 - -1)) + -4.
-3
Calculate 4 - 9 - (5 - 5 - 2).
-3
What is (-9 - -2) + -3 + 11?
1
-24 - (-18 - (-7 - -2))
-11
-3 + 8 + -4 + 1
2
What is -6 - (-12 - (4 - 8))?
2
What is the value of 2 + 1 - (-8 - -6) - -1?
6
What is the value of (-1 - -3 - 12) + (9 - 4)?
-5
Evaluate 183 + -178 + 1 + -13.
-7
What is -2 + -4 + -5 + 15?
4
Evaluate 10 + (-23 - (-6 - 3)).
-4
What is the value of -28 + 22 - (-1 - 8)?
3
Evaluate 2 + -5 + 3 + 6 - 1.
5
Evaluate -4 - (3 - 5) - 2.
-4
Evaluate (-1 - (0 + 4)) + 3 + 7.
5
What is the value of 5 + -3 - (-9 - -20)?
-9
-7 + (-2 + (-5 - -6) - -1)
-7
Evaluate 2 + (-2 - (-1 - 1)).
2
Calculate (0 - (0 + 5)) + 2 - 0.
-3
What is the value of -1 + (11 + -2 - 7) + -5?
-4
Evaluate (10 + -5 - 7) + 5 - -3.
6
Calculate -4 - (-5 + (0 - -7) + -4).
-2
Calculate 1 + -3 + 2 + -6 + 2.
-4
Evaluate (4 - 1) + (-2 - 7).
-6
Evaluate 4 + (6 - 6) - 3.
1
Evaluate 2 + -9 - (4 + -6).
-5
What is 81 + -87 - (1 + -4 - -2)?
-5
Evaluate -10 - -1 - (7 - 11).
-5
-7 + (5 - 6 - 8) + 10
-6
What is -3 + (11 - 19 - -21)?
10
Evaluate 5 + 1 + -5 + -2.
-1
7 - (20 - 5) - -6
-2
Evaluate -3 + 5 + -5 + -2.
-5
What is -5 + 13 + (-1 - 4)?
3
What is the value of -6 - -12 - 9 - -8?
5
What is the value of (17 - 11) + (-2 - 3) + -4?
-3
-2 - (-2 - (-3 - 2))
-5
What is (22 - 13 - 11) + 7?
5
What is the value of (9 + -8 - -7) + -5?
3
What is the value of 57 + -59 + (0 - 1 - 1)?
-4
What is (-11 - -3) + 7 + -4?
-5
Evaluate -8 + 4 - (4 + (-6 - -6)).
-8
What is the value of -3 - (-6 + -1 + 1 - 1)?
4
What is -2 + (2 - -1) + (-31 - -36)?
6
-7 - -4 - (-3 - 4)
4
Evaluate (1 - (5 - (1 + -2))) + 8.
3
What is 6 + -12 - 2 - (-3 - 0)?
-5
What is (-53 - -55) + (0 - -2)?
4
0 - (5 - (7 + 1) - -5)
-2
Evaluate (5 + 3 - 6) + 3.
5
What is -1 - 3 - (-4 + (1 - 0))?
-1
What is the value of 6 + (6 - (1 + 23) - -4)?
-8
Evaluate (-4 - -3) + (-3 + 10 - 1).
5
What is the value of 3 + -1 + 2 + -6 + -3?
-5
What is -2 + (3 - 2) + (-1 - 0)?
-2
What is the value of 4 + 2 - (5 + -2)?
3
What is the value of -126 - -114 - (1 - 9)?
-4
Calculate -1 - (-9 + (5 - -2)).
1
Evaluate 5 - (-13 + 0 - -12).
6
Calculate 8 + -5 + 0 - 4.
-1
What is the value of 9 - (-1 - -5) - 1?
4
Evaluate 9 + 1 + -8 - (6 + 0).
-4
What is (14 - 18) + 0 + 8?
4
11 + -5 + -3 + 2
5
12 + -10 - 2 - -8
8
What is the value of -5 + 8 + -5 + -1?
-3
What is 9 + -1 + (14 - 6 - 12)?
4
-6 - (-21 - (-5 + 0))
10
Evaluate 4 - (-5 - ((-6 - 1) + -5)).
-3
Calculate -1 - 0 - 5 - (-47 - -35).
6
(1 + -4 + 3 - 2) + 2
0
Calculate -3 - ((0 - -6) + (-5 - 4)).
0
Calculate 3 + (4 - (-3 + 5)).
5
Calculate 8 - (7 - 11 - -7).
5
What is the value of -2 + 2 + 4 + -2 + 2?
4
-2 - 7 - (-16 + 10)
-3
Calculate 2 - (2 - -13 - 10).
-3
1 + 1 + (-8 - -17 - 13)
-2
What is (-1 - 1 - 0) + (-4 - -7)?
1
Calculate 5 + -1 - ((10 - 7) + -5).
6
What is (-5 + 11 - 8) + (-4 - -3)?
-3
Evaluate 5 + 0 + -3 - 4 - 3.
-5
Calculate -1 + 0 - (6 + (3 - 5)).
-5
Calculate (-8 + 6 - 4) + 5 - 9.
-10
Calculate 3 - -1 - (-6 - -13).
-3
Evaluate (-21 - -28) + (1 - (3 + -4)).
9
8 + 7 + -14 - 7
-6
Evaluate (3 - 2) + -7 + 11.
5
What is the value of 1 + -2 - (-9 - -10